/(-8). Let j(y) = -2*y**2 + 8*y. Let n(s) = -s. Let f(w) = h*j(w) + 5*n(w). Calculate f(2).
-2
Let g(z) = -z**2 - 53 + 13 + 5 + 7 + 12*z. Calculate g(9).
-1
Let o(y) = 10*y - 1 - 12*y - 11*y + y**2 - 5. Let g be o(13). Let m(f) = 2*f + 6. Determine m(g).
-6
Let k(i) = -8*i + 1. Let d be k(1). Let z(n) = 2 + n + 0 + 3 - 694*n**2 - n**3 + 4 + 687*n**2. Calculate z(d).
2
Suppose 0 = -10*n - 0 + 40. Let v(k) = -5 + 12 - n - 3*k - k**2. Determine v(-5).
-7
Suppose -26 = y - 6*y - 4*p, 5*y + 2*p - 18 = 0. Let t(c) = 2*c**2 - 2*c - 4. Let i(o) = 2*o**2 - 2*o - 3. Let g(q) = -5*i(q) + 4*t(q). What is g(y)?
-5
Let u(g) be the first derivative of -1/2*g**2 - 7*g + 5. Determine u(0).
-7
Let g(t) = -t**3 - 13*t**2 + t + 20. Let u(h) = h**2 + 11*h - 73. Let s be u(4). Calculate g(s).
7
Let d(y) = -3*y**2 + 2*y + 10. Let o(g) = 7*g**2 - 4*g - 21. Let i(l) = 5*d(l) + 2*o(l). Give i(6).
-16
Let b(y) = -y**3 - y**2 + y - 14. Let j be b(0). Let s(r) = -2*r**3 - 4*r**2 + 3*r + 7. Let h be s(-3). Let f = j + h. Let i(x) = -6*x. What is i(f)?
-12
Let w(h) = -2*h**3 - 2*h**2 - 4*h + 5. Let d be w(-5). Suppose 0*m + d = 5*m. Let v be 105/m + 2/3. Let j(x) = x - 4. Determine j(v).
-1
Let a(t) = -t**3 - 3*t**2 + 10*t - 1. Let h be a(-5). Let m(o) = 9*o**2 - 1. Give m(h).
8
Let i(r) = r**3 + 7*r**2 + 6*r + 15. Let d be (-14)/(-2)*(-14)/(-49) - 8. What is i(d)?
15
Let o(q) be the third derivative of 0*q + 0 + 1/24*q**4 - 1/6*q**3 + 4*q**2. Calculate o(2).
1
Let i(d) = -d**2 - 4*d - 1. Let g be ((-4)/((-4)/(-1)))/(5/(-15)). Give i(g).
-22
Suppose 4*s - 31 = 37. Suppose -4*t + 4*g = -8, -s = -3*t - g + 1. Suppose t*f = 45 - 10. Let b(x) = -x**2 + 7*x + 2. What is b(f)?
2
Let c be 46/14 + (-10)/35. Let a(i) be the third derivative of -i**4/12 + i**3/2 + 46*i**2. Calculate a(c).
-3
Suppose 20 = -5*w, -4*m - 35 = 5*w - 11. Let j(a) = -14*a - 2. Calculate j(m).
12
Let p(k) be the third derivative of -k**6/120 - k**5/10 + k**4/3 + k**3/2 - k**2 - 16. Determine p(-7).
-4
Let s(n) be the first derivative of n**3/3 + 5*n**2 + 6*n - 1. Let x(o) = -2*o**2 - 209*o - 317. Let r be x(-103). Calculate s(r).
-10
Let d(n) = -5*n**2 - 2*n + 3. Let o(a) = a**2 + a. Let t(q) = -d(q) - 3*o(q). Suppose 0 = -4*f + 4*h + 20, -10*h = f - 13*h - 9. Determine t(f).
12
Let l(t) = 2*t**2 + 5*t + 8. Let w be l(-6). Let z = w + -49. Let o(s) = 22*s**2 - 1. What is o(z)?
21
Let b(z) = -z**2 - 1. Let i(a) = -3*a**2 - 5*a + 1. Let g(x) = b(x) - i(x). Let v(y) = y**3 + 7*y**2 - 6*y + 6. Let c be v(-8). Let m = c + 6. Determine g(m).
10
Let o(m) = 13*m**3 - 5*m**2 + 36*m + 16. Let y(d) = -8*d**3 + 4*d**2 - 24*d - 11. Let j(u) = -5*o(u) - 8*y(u). Calculate j(-8).
-24
Let s(i) = -15*i - 2. Let y(b) = -29*b + 234. Let p be y(8). What is s(p)?
-32
Suppose -18*u + 22*u = 16. Suppose -8 = -u*o + 8. Let b(j) = j**2 + 3*j - 5. What is b(o)?
23
Let h(t) = t**2 + 804*t + 6. Let j be h(0). Let q(i) be the first derivative of i**4/4 - 2*i**3 + 4*i - 1. What is q(j)?
4
Let l(j) = -j**3 - 9*j**2 + 2*j + 20. Let a be l(-9). Let v(c) = -c**2 + 4*c**a + 4*c**2 - 8*c**2. Determine v(1).
-1
Suppose -7*c + 10*c = -36. Let s(x) = -x**2 - 12*x + 15. Determine s(c).
15
Suppose 0 = 2*c - 7*c + d + 18, 0 = -5*c + 3*d + 24. Suppose 3*l + 2*l = -c*x - 30, -4*x + 2*l - 66 = 0. Let u = 14 + x. Let r(s) = -7*s - 1. What is r(u)?
6
Let z(t) = 4 - 2*t - 2 - 3 - 9*t**2. Let g = 36 - 140. Let x = g - -103. Determine z(x).
-8
Let z(k) be the second derivative of -3*k**5/20 + k**4/6 - k**2/2 - 47*k. Let v = 6 + -7. What is z(v)?
4
Let o(a) = a - 2. Suppose z + 3*z - 32 = 0. Let s be z/(-1)*(-27)/(-36). Let k(g) = -g**2 - 7*g - 6. Let y be k(s). Give o(y).
-2
Let p(i) = -8*i**2 + 33*i + 13. Let y(l) = 3*l**2 - 11*l - 4. Let k(u) = 4*p(u) + 11*y(u). Give k(-11).
8
Let a(g) be the first derivative of -1/4*g**4 + 1/2*g**2 - 8 - 3*g - 5/3*g**3. Determine a(-5).
-8
Let u(t) = -5*t**3 + 7*t**2 + 7*t + 4. Let k(c) = -4*c**3 + 6*c**2 + 6*c + 3. Let i(a) = -4*k(a) + 3*u(a). What is i(3)?
-9
Suppose 2*n = 4*n - 6. Let m(c) = c + 2 + 0 - n. Let w be 9 + -1 - -2 - 6. Determine m(w).
3
Let p be (-4 - (-3 - 3))*28. Let k = 28 + p. Let l be k/(-8)*(-4)/6. Let m(u) = u**2 - 6*u - 9. Calculate m(l).
-2
Let z(u) be the second derivative of -u + 1/12*u**4 + 16 + 5/6*u**3 + 4*u**2. Calculate z(-7).
22
Let u be (-54)/(-14) + 8/56. Suppose -2*h + 0 - u = 0. Let v = 6 + h. Let n(q) = q**3 - 5*q**2 + 4*q - 5. Calculate n(v).
-5
Let k(y) be the third derivative of -y**4/8 - y**3/3 - y**2. Suppose -4*t - 3*d + 28 = 17, -5*d + 7 = t. Calculate k(t).
-8
Let g = -4 - -2. Let u(t) be the second derivative of -t**4/6 - t**3/2 - 2404*t. What is u(g)?
-2
Let x(m) = -m. Let p(u) = u**2 + 1. Let w(t) = -p(t) + x(t). What is w(0)?
-1
Let u(z) be the third derivative of -z**6/120 - z**5/15 - z**4/24 - z**3/2 - 59*z**2. Determine u(-5).
27
Let t be -4*(4 - (-9)/(-2)). Suppose t*y - 6*y = -32. Let w = -10 + y. Let l(g) = g**2 + g + 2. Calculate l(w).
4
Let f be (-80)/(-25) - (-1)/(-5). Let w(q) be the third derivative of 1/2*q**3 + 1/20*q**5 + 1/24*q**4 + 0 - 4*q**2 - 1/120*q**6 + 0*q. Give w(f).
6
Let s be 7 + (6/(-10))/((-7)/35). Let b(z) = 22*z - s*z - 13*z - 5. Give b(-6).
1
Let m be ((-4)/5)/((-6)/165). Let d = m - 20. Let y(t) = -d - 144*t**2 + 143*t**2 + 4. Give y(0).
2
Let n(x) = x**3 - 12*x**2 + x - 10. Let j be n(12). Let p(g) = -2 - g + 4 - 1 + 3*g**2 - 3. Give p(j).
8
Let t(u) = 25 + 26 - 6*u**2 - 52. Let h(v) = -v**2 + 2*v + 7. Let r be h(4). Give t(r).
-7
Let g(p) = 1. Let d(h) = -7*h + 2. Let y(a) = d(a) - 4*g(a). Determine y(-2).
12
Suppose 1 + 4 = h. Let t(c) = -1 - 9 + 0 + c. Calculate t(h).
-5
Suppose -40*m + 816 = 11*m. Let i(x) = 2*x**2 - 34*x + 36. Calculate i(m).
4
Let f(h) = 2*h**2 + 1 + 3*h - h - 2. Let q be (-15)/25 - 14/10. What is f(q)?
3
Let l(c) = c - 19. Suppose 0 = -2*d + 4*s + 12, 0 = 4*s + 12. Calculate l(d).
-19
Let s(r) = 478 + r - r - 479 + 11*r**2 - 3*r**2. What is s(1)?
7
Let b(i) be the second derivative of -i**3/6 - 2*i**2 + 3*i - 5. Calculate b(-8).
4
Let u(f) = f**2 - 4*f - 6. Let a be (-1 - 2) + (-1 + 0 - 19). Let d = a + 29. Determine u(d).
6
Let p(q) = -15*q. Let h be p(-1). Suppose 2*f + 3*f = h. Let j(a) = -a - f*a + 5*a + 0*a - 1. Give j(5).
4
Let h(i) = i**3 - 10*i**2 - 11*i - 4. Suppose -4*z - 43 = -5*d, 3*d + 2*z - 39 = -0*d. Calculate h(d).
-4
Suppose 41*p + 2 = 39*p. Let o be 1*((-3)/p)/3. Let d(t) be the first derivative of 3*t**4/4 - 2*t**3/3 + t + 1. Determine d(o).
2
Let j be ((-10)/(-4))/(17/34). Let x(b) = 0*b - 3 - b - 3 + j. Calculate x(-5).
4
Let y(f) = -5*f - 6 - 3*f - f**2 + 3*f. Suppose -d = 5*i + 29, 2*d + 2*i = -2*i - 28. Give y(d).
-2
Let y(p) = -4986*p + p**3 + 1 - 10*p**2 + 4987*p + 5 - 6. Calculate y(10).
10
Let j = 2 - 2. Suppose j = -3*o - 2*o. Let v(a) = a**3 + 4 - a**2 + 3*a - 2*a + 0*a**2 + 0*a. Determine v(o).
4
Let a(b) = 4*b + 3. Let r(n) = -n**3 + 2*n**2 + 7*n + 8. Let k be r(4). Suppose -k*x - 2 = -4*g + 2, 4 = -3*x + 2*g. Give a(x).
-5
Let d(y) = 5*y + 100 + 3*y - y - 99 - y**2 - 5*y. Let q = 6 - 2. What is d(q)?
-7
Let v(g) = -g**2 + 9*g - 13. Let c be v(5). Let b(x) = -x**2 + 10*x - 10. Calculate b(c).
11
Let t(m) = 11*m**2 - 8*m**2 - 2*m + 0*m**3 + m**3. Suppose -2*l + 5*b + 17 = 0, 5*b + 0*b + 29 = 4*l. Suppose 4*y = 2*y - l. Give t(y).
6
Let t(m) = -4*m**2 + 3*m - 2. Let x = 434 + -432. Determine t(x).
-12
Let w = 474 + -469. Let o(x) be the second derivative of 0*x**2 + 1/6*x**3 + 5/12*x**4 + 1/20*x**w + 0 + 3*x. Determine o(-2).
10
Let n = 4 + -13. Let h(r) be the second derivative of r**5/20 + 3*r**4/4 - r**3/6 - 6*r**2 - 31*r + 8. Give h(n).
-3
Suppose 33 = 21*g - 9. Let x(y) = 2*y**3 + y**2 + y + 1. What is x(g)?
23
Let x(z) = -2*z + 5. Let q(t) = t**2 - 4*t - 3. Let b be q(3). Let c(p) = -7 + 0*p - 1 - 5*p - 3*p - p**3 - 7*p**2. Let h be c(b). Calculate x(h).
-3
Let s be 3*(-2)/3*1. Let w(r) = -11*r + 2. Calculate w(s).
24
Let h(b) = b**3 - 5*b**2 + b - 3. Let u be h(5). Suppose g = u*g. Suppose g = -6*r + r. Let p(o) = o**2 + o + 6. Give p(r).
6
Let s(y) = y**2 - 6*y - 1. Let n(h) = 2*h + 11. Let v be n(-6). Let r be 2 + -4*(v - 0). What is s(r)?
-1
Suppose -1638*a + 1636*a = -4. Let g(v) = -v**3 + v**2 - 4. What is g(a)?
-8
Let j(g) = -2*g + 2. Let o(z) = -2*z + 1. Let h(i) = 5*j(i